late the remainder when 40540 is divided by 794.
46
What is the remainder when 40576 is divided by 51?
31
Calculate the remainder when 4937 is divided by 2398.
141
Calculate the remainder when 1042 is divided by 492.
58
What is the remainder when 8035 is divided by 90?
25
What is the remainder when 12984 is divided by 36?
24
What is the remainder when 2065 is divided by 89?
18
What is the remainder when 13711 is divided by 48?
31
What is the remainder when 3012 is divided by 651?
408
Calculate the remainder when 214817 is divided by 9.
5
Calculate the remainder when 2146 is divided by 287.
137
What is the remainder when 73214 is divided by 494?
102
What is the remainder when 79856 is divided by 192?
176
What is the remainder when 500267 is divided by 29?
17
What is the remainder when 339553 is divided by 307?
11
What is the remainder when 4781 is divided by 1049?
585
What is the remainder when 5548 is divided by 980?
648
Calculate the remainder when 180 is divided by 73.
34
Calculate the remainder when 9545 is divided by 832.
393
Calculate the remainder when 270064 is divided by 214.
210
What is the remainder when 38466 is divided by 457?
78
Calculate the remainder when 1713 is divided by 50.
13
Calculate the remainder when 106078 is divided by 208.
206
What is the remainder when 56492 is divided by 17?
1
Calculate the remainder when 2938 is divided by 291.
28
Calculate the remainder when 3042 is divided by 579.
147
What is the remainder when 28152 is divided by 433?
7
Calculate the remainder when 474074 is divided by 92.
90
Calculate the remainder when 202021 is divided by 9.
7
What is the remainder when 19102 is divided by 19071?
31
Calculate the remainder when 94951 is divided by 211.
1
Calculate the remainder when 3353 is divided by 13.
12
Calculate the remainder when 720174 is divided by 240057.
3
What is the remainder when 66010 is divided by 179?
138
What is the remainder when 124608 is divided by 569?
566
What is the remainder when 1596 is divided by 791?
14
What is the remainder when 117301 is divided by 72?
13
What is the remainder when 13064 is divided by 628?
504
Calculate the remainder when 87822 is divided by 14603.
204
What is the remainder when 5797 is divided by 2833?
131
Calculate the remainder when 8123 is divided by 25.
23
What is the remainder when 3808 is divided by 13?
12
Calculate the remainder when 41048 is divided by 32.
24
Calculate the remainder when 5703 is divided by 106.
85
Calculate the remainder when 480 is divided by 134.
78
Calculate the remainder when 31418 is divided by 10471.
5
What is the remainder when 15245 is divided by 25?
20
What is the remainder when 316010 is divided by 199?
197
Calculate the remainder when 11012 is divided by 1644.
1148
What is the remainder when 711 is divided by 271?
169
What is the remainder when 875136 is divided by 932?
920
What is the remainder when 62535 is divided by 463?
30
Calculate the remainder when 648291 is divided by 64829.
1
What is the remainder when 803 is divided by 69?
44
Calculate the remainder when 66978 is divided by 257.
158
Calculate the remainder when 1638758 is divided by 53.
51
What is the remainder when 14899 is divided by 1004?
843
Calculate the remainder when 7713 is divided by 3819.
75
Calculate the remainder when 5898 is divided by 164.
158
Calculate the remainder when 16037 is divided by 393.
317
What is the remainder when 8870 is divided by 2191?
106
Calculate the remainder when 5892 is divided by 1172.
32
Calculate the remainder when 13609 is divided by 6799.
11
Calculate the remainder when 34650 is divided by 4331.
2
What is the remainder when 125878 is divided by 3070?
8
Calculate the remainder when 31512 is divided by 200.
112
Calculate the remainder when 19339 is divided by 61.
2
What is the remainder when 887 is divided by 247?
146
What is the remainder when 83323 is divided by 25?
23
What is the remainder when 10980 is divided by 577?
17
Calculate the remainder when 48516 is divided by 3030.
36
Calculate the remainder when 1541 is divided by 307.
6
What is the remainder when 6603 is divided by 6603?
0
Calculate the remainder when 9482 is divided by 3140.
62
Calculate the remainder when 29298 is divided by 12.
6
Calculate the remainder when 29677 is divided by 86.
7
What is the remainder when 2123256 is divided by 638?
630
What is the remainder when 149045 is divided by 37261?
1
What is the remainder when 203133 is divided by 69?
66
What is the remainder when 47653 is divided by 974?
901
Calculate the remainder when 88590 is divided by 1384.
14
What is the remainder when 322321 is divided by 11937?
22
Calculate the remainder when 78873 is divided by 40.
33
Calculate the remainder when 223626 is divided by 214.
210
Calculate the remainder when 42829 is divided by 46.
3
Calculate the remainder when 369309 is divided by 122.
15
What is the remainder when 312911 is divided by 104300?
11
Calculate the remainder when 89301 is divided by 307.
271
What is the remainder when 202978 is divided by 34?
32
What is the remainder when 3578 is divided by 986?
620
What is the remainder when 26069 is divided by 196?
1
Calculate the remainder when 32189 is divided by 8034.
53
What is the remainder when 3783 is divided by 318?
285
What is the remainder when 3917 is divided by 1955?
7
What is the remainder when 3342 is divided by 141?
99
Calculate the remainder when 320409 is divided by 1602.
9
Calculate the remainder when 17065 is divided by 97.
90
Calculate the remainder when 118269 is divided by 22.
19
What is the remainder when 1062581 is divided by 433?
432
What is the remainder when 6100 is divided by 56?
52
Calculate the remainder when 8279 is divided by 76.
71
What is the remainder when 76717 is divided by 107?
105
Calculate the remainder when 20079 is divided by 181.
169
What is the remainder when 59716 is divided by 378?
370
What is the remainder when 42837 is divided by 1716?
1653
What is the remainder when 217352 is divided by 866?
852
Calculate the remainder when 6314 is divided by 89.
84
Calculate the remainder when 3291 is divided by 369.
339
What is the remainder when 777 is divided by 220?
117
Calculate the remainder when 1612 is divided by 678.
256
What is the remainder when 2802 is divided by 469?
457
What is the remainder when 5908 is divided by 3?
1
Calculate the remainder when 13345 is divided by 380.
45
What is the remainder when 1937 is divided by 145?
52
What is the remainder when 23484 is divided by 93?
48
What is the remainder when 574348 is divided by 525?
523
Calculate the remainder when 24954 is divided by 47.
44
What is the remainder when 20926 is divided by 100?
26
Calculate the remainder when 452819 is divided by 214.
209
What is the remainder when 1990 is divided by 63?
37
Calculate the remainder when 30750 is divided by 30578.
172
Calculate the remainder when 1157 is divided by 672.
485
Calculate the remainder when 42886 is divided by 63.
46
What is the remainder when 10750 is divided by 358?
10
What is the remainder when 1658190 is divided by 413?
408
What is the remainder when 4500 is divided by 90?
0
What is the remainder when 39064 is divided by 155?
4
Calculate the remainder when 358178 is divided by 1312.
2
What is the remainder when 55999 is divided by 18657?
28
What is the remainder when 3502203 is divided by 1854?
1851
What is the remainder when 4978 is divided by 1645?
43
What is the remainder when 4208 is divided by 838?
18
Calculate the remainder when 34952 is divided by 83.
9
Calculate the remainder when 3196 is divided by 89.
81
Calculate the remainder when 10354 is divided by 3448.
10
Calculate the remainder when 1130 is divided by 1123.
7
Calculate the remainder when 2570 is divided by 567.
302
What is the remainder when 23917 is divided by 1138?
19
Calculate the remainder when 2213886 is divided by 19.
6
Calculate the remainder when 5346 is divided by 182.
68
Calculate the remainder when 748 is divided by 37.
8
Calculate the remainder when 975 is divided by 943.
32
Calculate the remainder when 20086 is divided by 24.
22
What is the remainder when 5870617 is divided by 95?
92
Calculate the remainder when 3399 is divided by 430.
389
What is the remainder when 963 is divided by 494?
469
Calculate the remaind